divided by 24?
2
Let o = 2 + 7. Suppose -d + 34 = 4*a, 2*d = 6*a - a + 68. What is the remainder when d is divided by o?
7
Let y = -323 + 182. Let c = -197 - y. Let k = 79 + c. What is the remainder when k is divided by 6?
5
Let d(c) = c**3 + 10*c**2 + 11*c + 5. Let f be (-5)/(-20)*-6*-2. Suppose -3*m + 7*m = -h - 1, -f*m = 15. What is the remainder when d(-7) is divided by h?
18
Let m = -45 - -71. Let l = -3 + 18. Suppose 5*s + b - 222 = 2*s, 0 = -5*b - l. Calculate the remainder when s is divided by m.
23
Let c be (-4)/(-3 + 2) - 18. Let m = -2 - c. What is the remainder when m is divided by 5?
2
Suppose -142 = -5*f + 3*f. Suppose 4*m - 200 = -4*y, 2*m - y - 100 = y. Let w = -32 + m. Calculate the remainder when f is divided by w.
17
Suppose -9 + 18 = 3*y. Let t(k) = 2*k**3 - 2*k**2 - 4*k + 1. Let a = 7 + 6. What is the remainder when t(y) is divided by a?
12
Calculate the remainder when 20*(4 - (1 + 2)) is divided by 20.
0
Suppose 10*m - 7*m + 15 = 0. Let r be (-1)/m + 2356/95. Let u = -1 + r. Calculate the remainder when 95 is divided by u.
23
Let l(g) = 5*g + 66 + 11 - 13. What is the remainder when l(0) is divided by 11?
9
Let p = -144 + 191. Calculate the remainder when p is divided by 21.
5
Let h = -4737 - -4747. Calculate the remainder when ((-1)/2)/(2/(-148)) is divided by h.
7
Let n(b) = 4*b. Suppose 2*u = -2*u. Let c = 10 - u. Calculate the remainder when c is divided by n(1).
2
Let t(d) = -d**3 - 13*d**2 + 14*d. Let v be t(-14). What is the remainder when 1*(46 + 3 + v) is divided by 17?
15
Let x be (3/5)/(2/(-10)) + 7. Suppose 0*d + 116 = x*d. Calculate the remainder when d is divided by 15.
14
Suppose 4*v - v = 5*h + 53, -4*h = 3*v + 37. Let x(z) = -z - 3. Calculate the remainder when 19 is divided by x(h).
5
Let g be 20/(-2)*-5*2. Let m be g/(12/(-3)) - -1. What is the remainder when 37 is divided by 8/m*-15*2?
7
Let f = -177 - -237. Calculate the remainder when 352 is divided by f.
52
Let i = 7 - -51. Suppose 19 + i = 7*c. What is the remainder when c is divided by 6?
5
Let y(v) = 19*v**2 + 2*v - 2. What is the remainder when 119 is divided by y(-1)?
14
Suppose 0 = 3*k - 72 - 51. Let t = k - 34. Let j = 14 + 12. Calculate the remainder when j is divided by t.
5
Let m(w) = w**3 + 11*w**2 - 6*w + 15. Let n be m(-12). What is the remainder when 92 is divided by (n*3/(-9))/1?
16
Let m(d) = -d**3 + 43*d**2 + 4*d - 70. Calculate the remainder when 198 is divided by m(43).
96
Let c = 15 - 13. Suppose -c*h - 2*h = -340. Let s = 127 - h. What is the remainder when s is divided by 15?
12
Let l = -1176 + 1441. What is the remainder when l is divided by 14?
13
Let d(a) = -a**2 - 11*a - 3. Let l be d(-3). Suppose x - 5*z = l + 10, -z - 5 = 0. Calculate the remainder when 10 is divided by x.
4
Suppose -3*m = 2*r - 4*r + 69, 2*m = -10. Suppose -k = p + r, -47 - 64 = 5*k - p. Let y = -18 - k. What is the remainder when 14 is divided by y?
4
Suppose q - 3*a - 15 = 0, 5*q + 3*a - 1 = 38. What is the remainder when 206 is divided by q?
8
Suppose -c = 79 - 365. Suppose -c + 13 = -7*g. Calculate the remainder when g is divided by 14.
11
Let u = -2388 + 2398. Suppose 3*g + 222 = 5*g. Let c = -74 + g. Calculate the remainder when c is divided by u.
7
Suppose -227 = -3*z + 2*i, 6*z = 5*z + 4*i + 69. Calculate the remainder when z is divided by 28.
21
Suppose 0*f - 825 = -11*f. Calculate the remainder when 899 is divided by f.
74
Let v(u) = -4*u + 70. What is the remainder when 875 is divided by v(16)?
5
Suppose -3*b - 2*l = -23 + 13, -3*l = 2*b - 10. Calculate the remainder when b is divided by 1.
0
Suppose -241 = -11*c + 804. Calculate the remainder when c is divided by 50.
45
Let s = 11 + -6. Suppose -3*l + 19 = 4*m, -3*m + 18 = -3*l + 4*l. What is the remainder when m is divided by s?
2
Suppose -2*u + 602 = 12*u. What is the remainder when 162 is divided by u?
33
Suppose -4*l + 60 = l. Suppose -662 = -83*n + 5978. Calculate the remainder when n is divided by l.
8
Suppose -21*n = -6*n - 300. What is the remainder when 42 is divided by n?
2
Suppose -4*c + 2*c = -2, -3*c - 477 = -5*n. Let u = n - 27. Calculate the remainder when u is divided by 18.
15
Let g(f) = f**2 - 5*f - 95. Suppose 0 = 4*n - n - 12. What is the remainder when g(13) is divided by n?
1
Let v = -1 - -5. What is the remainder when ((-3)/v)/(1/4) + 58 is divided by 24?
7
Suppose 0*t = -3*t + 3. Let b = t + 2. Suppose -99 = -3*o + 3*w - 0*w, -4*o + b*w + 128 = 0. What is the remainder when o is divided by 10?
9
Let z(g) = g**2 - 35*g - 64. What is the remainder when 117 is divided by z(37)?
7
Let w = -486 - -491. Let q be (-6 + -2 - -2)*-18. Suppose -6*o = -2*o - q. What is the remainder when o is divided by w?
2
Suppose -z - 47 = -4*t + 42, 4*t - 79 = -z. Suppose -6*b + 4*b = 0. Suppose -2*n + 18 + 6 = b. What is the remainder when t is divided by n?
9
Suppose -2*b + 340 = -340. What is the remainder when b is divided by 57?
55
Let o be 2/(-5) + (5 - (-46)/(-10)). Suppose -90 = -o*c - 6*c. Calculate the remainder when 103 is divided by c.
13
Suppose k = 5*u - 3*k - 85, -2*u - 5*k + 67 = 0. Let m(h) = 250*h + 12. What is the remainder when u is divided by m(0)?
9
Let t = 350 - -217. What is the remainder when t is divided by 95?
92
Suppose -3*t = 4 - 1. What is the remainder when 0 - -26 - (t - -4 - 1) is divided by 7?
3
What is the remainder when (-3804)/(-16) + (-10)/(-8) is divided by 30?
29
Let w(d) = -d**3. Let i(c) = 6*c**2 - 7*c - 9. Let b(m) = -i(m) + w(m). What is the remainder when b(-7) is divided by 3?
0
Suppose -p - 2*d - 299 = -4*p, 5*d = -p + 111. Calculate the remainder when p is divided by 21.
17
Let a(q) = 3*q**2 - 108*q - 85. What is the remainder when 76 is divided by a(37)?
24
Calculate the remainder when ((-4)/6)/(-5 + 5384/1080) is divided by 9.
0
Let h = 3206 - 3183. What is the remainder when 1954 is divided by h?
22
Suppose -3*t + 6*r - 5*r + 554 = 0, 0 = t + r - 178. Calculate the remainder when t is divided by 17.
13
Let r(v) = 3*v**3 + 25*v**2 + 10*v + 1. What is the remainder when r(-7) is divided by 32?
31
Let n(y) be the first derivative of y**2/2 - 2*y + 2. Let w be n(6). Suppose 2*q = 4 + w, -46 = -2*a - 3*q. Calculate the remainder when a is divided by 9.
8
Suppose 5*u - 124 = 76. What is the remainder when u is divided by 8?
0
Let y = 51 + -29. What is the remainder when 108 is divided by y?
20
Let w(u) = -27*u + 227. Calculate the remainder when w(3) is divided by 75.
71
Let o be (((-12)/(-3))/12 - 5)*3. Let a(r) = 2*r**2 + 24*r - 20. What is the remainder when a(o) is divided by 11?
3
Suppose m = 5*o + 4 - 14, -5*o + 10 = 5*m. Suppose -o*u - 2*s - 53 = -5*u, 4*u + 4*s = 64. Suppose u + 0 = i. Calculate the remainder when 48 is divided by i.
14
Suppose -p + 3 = m, 4*m + 0*p = 3*p + 40. Suppose 0 = -3*r + 26 + m. Suppose 0 = 2*x - 47 - 15. Calculate the remainder when x is divided by r.
9
Let p(h) = 23 - 4 - h + 15*h**2 - 14*h**2. What is the remainder when 73 is divided by p(0)?
16
Let c = 93 - 72. Suppose -5*q + 8 = 5*x - 7, 3*x - 3*q = c. Calculate the remainder when 19 is divided by x.
4
Let y be 50/3*(-24)/(-10) + -1. Let m = y - 28. What is the remainder when 53 is divided by m?
9
Suppose 11*r - 104 = 7*r. Suppose 4*t - r = -2. Let a = 11 + 4. Calculate the remainder when a is divided by t.
3
Let s(b) = b**2 - 9*b - 5. Let r be s(10). Let c(i) = -3 + 6*i**2 - r*i**2 + 17. What is the remainder when c(-6) is divided by 13?
11
Let q be -2 - -90 - (11 - 9). Suppose 2*f - 4*p = 126, -2*f - 7*p = -3*p - q. What is the remainder when f is divided by 11?
9
Suppose -l + 5 - 1 = 0. Suppose t + 62 = -0*j + l*j, -4*t - 263 = -j. Let n = 93 + t. What is the remainder when n is divided by 5?
2
Suppose 0 = 83*i + 7*i - 5670. Let d = 73 + -51. What is the remainder when i is divided by d?
19
Suppose -5*u = -25, -229 = -5*i + 4*i - 4*u. Calculate the remainder when i is divided by 27.
20
Calculate the remainder when 48 is divided by 14*11/((-55)/(-10)).
20
Suppose 0 = -41*x + 4980 + 4696. What is the remainder when x is divided by 24?
20
Let h(l) be the first derivative of l**4/4 - 2*l**3 + l**2/2 + 3*l + 3. Calculate the remainder when 35 is divided by h(6).
8
Suppose 0 = 49*y + 1920 - 10740. Calculate the remainder when y is divided by 18.
0
Let y(n) =